{"id":60,"date":"2019-07-08T16:14:18","date_gmt":"2019-07-08T13:14:18","guid":{"rendered":"http:\/\/www.sackaynakfiyatlari.org\/?page_id=60"},"modified":"2019-08-19T15:02:23","modified_gmt":"2019-08-19T12:02:23","slug":"cit-cit-sac","status":"publish","type":"page","link":"http:\/\/www.sackaynakfiyatlari.org\/index.php\/cit-cit-sac\/","title":{"rendered":"\u00c7\u0131t \u00c7\u0131t Sa\u00e7"},"content":{"rendered":"\n<h1 class=\"wp-block-heading\">\u00c7\u0131t \u00c7\u0131t Sa\u00e7,<\/h1>\n\n\n\n<div class=\"wp-block-image\"><figure class=\"alignleft\"><img loading=\"lazy\" decoding=\"async\" width=\"300\" height=\"300\" src=\"http:\/\/www.sackaynakfiyatlari.org\/wp-content\/uploads\/2019\/07\/Ombre-Balayage-hair-extensions-3-300x300.jpg\" alt=\"\" class=\"wp-image-61\" srcset=\"http:\/\/www.sackaynakfiyatlari.org\/wp-content\/uploads\/2019\/07\/Ombre-Balayage-hair-extensions-3-300x300.jpg 300w, http:\/\/www.sackaynakfiyatlari.org\/wp-content\/uploads\/2019\/07\/Ombre-Balayage-hair-extensions-3-150x150.jpg 150w, http:\/\/www.sackaynakfiyatlari.org\/wp-content\/uploads\/2019\/07\/Ombre-Balayage-hair-extensions-3-768x768.jpg 768w, http:\/\/www.sackaynakfiyatlari.org\/wp-content\/uploads\/2019\/07\/Ombre-Balayage-hair-extensions-3.jpg 960w\" sizes=\"auto, (max-width: 300px) 100vw, 300px\" \/><\/figure><\/div>\n\n\n\n<p><strong>\u00c7\u0131t\u00e7\u0131t<\/strong> <strong>Sa\u00e7lar<\/strong>\u0131n\u0131 herhangi bir \nnedenden dolay\u0131 bu sa\u00e7lar\u0131n yava\u015f uzamas\u0131, sa\u00e7a uygulanan kimyasal \n\u00fcr\u00fcnlerden dolay\u0131 y\u0131pranarak kesilmek zorunda kalan ya da sa\u00e7lar\u0131 \u00e7ok \n\u00e7abuk k\u0131r\u0131lan uzun sa\u00e7 severler i\u00e7in \u00e7ok kolay ve ekonomik bir sa\u00e7 \nuzatma y\u00f6ntemidir.&nbsp; <strong>\u00c7\u0131t \u00c7\u0131t Sa\u00e7<\/strong> terss \u00fczerine dikilmi\u015f \nsa\u00e7\u0131n strafor \u00fczerine dikilerek \u00fczerine monte edilen \u00e7\u0131t \u00e7\u0131t diye \nbilinen klips ile sa\u00e7 aralar\u0131na ilave etme y\u00f6ntemidir. \u00c7\u0131t \u00c7\u0131t sa\u00e7lar \n\u00e7e\u015fitli boy ve ebatlarda olabilir <strong>Sach Sa\u00e7 Kaynak Merkezinde<\/strong> 100% ger\u00e7ek do\u011fal insan sa\u00e7\u0131ndan yap\u0131lan \u00e7\u0131t \u00e7\u0131t sa\u00e7lar istedi\u011finiz renk ve boyda sipari\u015f \u00fczerine de haz\u0131rlanmaktad\u0131r.&nbsp; <strong>\u00c7\u0131t \u00c7\u0131t Sa\u00e7<\/strong>\n genelde 8 par\u00e7a&nbsp; tak\u0131m olarak haz\u0131rlanmaktad\u0131r normal bir ba\u015fta ideal \n\u00e7\u0131t \u00e7\u0131t say\u0131s\u0131 8 adet 150gr olmal\u0131d\u0131r. Ba\u015f \u00f6l\u00e7\u00fcs\u00fc daha b\u00fcy\u00fck ve sa\u00e7lar\u0131 \na\u015f\u0131r\u0131 g\u00fcr ki\u015filer i\u00e7in bu miktar artabilir ve \u00f6zel sipari\u015f&nbsp; \nhaz\u0131rlanabilir.<\/p>\n","protected":false},"excerpt":{"rendered":"<p>\u00c7\u0131t \u00c7\u0131t Sa\u00e7, \u00c7\u0131t\u00e7\u0131t Sa\u00e7lar\u0131n\u0131 herhangi bir nedenden dolay\u0131 bu sa\u00e7lar\u0131n yava\u015f uzamas\u0131, sa\u00e7a uygulanan kimyasal \u00fcr\u00fcnlerden dolay\u0131 y\u0131pranarak kesilmek zorunda kalan ya da sa\u00e7lar\u0131 \u00e7ok \u00e7abuk k\u0131r\u0131lan uzun sa\u00e7 severler i\u00e7in \u00e7ok kolay ve ekonomik bir sa\u00e7 uzatma y\u00f6ntemidir.&nbsp; \u00c7\u0131t \u00c7\u0131t Sa\u00e7 terss \u00fczerine dikilmi\u015f sa\u00e7\u0131n<\/p>\n","protected":false},"author":1,"featured_media":0,"parent":0,"menu_order":0,"comment_status":"closed","ping_status":"closed","template":"","meta":{"footnotes":""},"tags":[17,18,19],"class_list":["post-60","page","type-page","status-publish","hentry","tag-cit-cit-sac","tag-citcit-sac","tag-sac-uzatma-yontemi"],"aioseo_notices":[],"_links":{"self":[{"href":"http:\/\/www.sackaynakfiyatlari.org\/index.php\/wp-json\/wp\/v2\/pages\/60","targetHints":{"allow":["GET"]}}],"collection":[{"href":"http:\/\/www.sackaynakfiyatlari.org\/index.php\/wp-json\/wp\/v2\/pages"}],"about":[{"href":"http:\/\/www.sackaynakfiyatlari.org\/index.php\/wp-json\/wp\/v2\/types\/page"}],"author":[{"embeddable":true,"href":"http:\/\/www.sackaynakfiyatlari.org\/index.php\/wp-json\/wp\/v2\/users\/1"}],"replies":[{"embeddable":true,"href":"http:\/\/www.sackaynakfiyatlari.org\/index.php\/wp-json\/wp\/v2\/comments?post=60"}],"version-history":[{"count":1,"href":"http:\/\/www.sackaynakfiyatlari.org\/index.php\/wp-json\/wp\/v2\/pages\/60\/revisions"}],"predecessor-version":[{"id":63,"href":"http:\/\/www.sackaynakfiyatlari.org\/index.php\/wp-json\/wp\/v2\/pages\/60\/revisions\/63"}],"wp:attachment":[{"href":"http:\/\/www.sackaynakfiyatlari.org\/index.php\/wp-json\/wp\/v2\/media?parent=60"}],"wp:term":[{"taxonomy":"post_tag","embeddable":true,"href":"http:\/\/www.sackaynakfiyatlari.org\/index.php\/wp-json\/wp\/v2\/tags?post=60"}],"curies":[{"name":"wp","href":"https:\/\/api.w.org\/{rel}","templated":true}]}}